Let a be n(-9). Suppose 5*g - 101 = -a. What is the remainder when 34 is divided by g?
10
Let j be 2/8 + 33/(-4). Let b = j + 11. Suppose 40 = b*a - 2. Calculate the remainder when 39 is divided by a.
11
Let n = -6 + -1. Let h = 7 - n. Calculate the remainder when 25 is divided by h.
11
Let t(c) = -c**2 + 12*c + 15. Suppose v + 5 = 3. What is the remainder when t(11) is divided by (-3)/((-14)/6 - v)?
8
Let t(v) = -v**2 + 11*v. Calculate the remainder when t(8) is divided by 13.
11
Suppose 53*p + 174 = 56*p. Calculate the remainder when 286 is divided by p.
54
Let x = 8 + 24. What is the remainder when 93 is divided by x?
29
What is the remainder when 56 is divided by (-3 + 0 - -4)*19?
18
Calculate the remainder when ((-314)/6)/((10/5)/(-6)) is divided by 32.
29
Let u(s) be the second derivative of s**3/3 + s**2/2 + s. Let w be u(2). Suppose -w = 2*r + 4*l + 3, 3*r - 9 = l. What is the remainder when 3 is divided by r?
1
Let t(b) = 3*b + 10. Let l(v) = 8*v + 29. Let s(o) = 4*l(o) - 11*t(o). Calculate the remainder when 17 is divided by s(0).
5
Suppose 0*g - 16 = -2*g. Let z = g + 9. What is the remainder when 67 is divided by z?
16
Let v = -47 - -80. Calculate the remainder when v is divided by 13.
7
Suppose 4*p = -t + 257, t + 2*t = 15. Calculate the remainder when p is divided by 16.
15
Calculate the remainder when ((-8)/(-16))/((-3)/(-420) - 0) is divided by 15.
10
Let m(w) = 3*w**2 + 3*w - 1. Let u(p) = -p**2 + 10*p - 3. Suppose 2*v - 23 = -9. Calculate the remainder when m(-4) is divided by u(v).
17
Let q = -1 - -4. Let g be (0/1)/(q + -5). Suppose g = -0*o + 2*o - 30. What is the remainder when 43 is divided by o?
13
Let y = 323 - 284. Calculate the remainder when y is divided by -16*(-2)/((-16)/(-10)).
19
Let w(h) = -2*h - 13. What is the remainder when 24 is divided by w(-10)?
3
Suppose 4*z + 124 = 4*a, -3*a + 159 = 2*a - z. Let s = 53 + -46. Calculate the remainder when a is divided by s.
4
Let p = 5 + -3. Suppose p*t = 3 + 3. Calculate the remainder when 11 is divided by t.
2
Let o = 87 + -124. Let l = -14 - o. What is the remainder when l is divided by 12?
11
Let z(o) = -4*o + 6. Let x(i) = -i**3 + 7*i**2 - 6*i - 7. Let s be x(6). What is the remainder when z(s) is divided by 12?
10
Suppose 2*t = 3*t - 3*r - 63, -3*r = -3. Calculate the remainder when t is divided by 14.
10
Let w be 29 - 2 - 3*-1. Suppose -t + 43 = 4*q, 0*t + 3*t + 25 = 2*q. Calculate the remainder when (-20)/w*-1*48 is divided by q.
10
Let d = -5 + 8. Let w = d - -40. Calculate the remainder when w is divided by 15.
13
Let f be (6/(-4))/(9/(-168)). Let z = -17 + f. Calculate the remainder when z is divided by 6.
5
Suppose -3*u - 5*t = -4, 0 = -2*u + 3*u - 3*t + 22. What is the remainder when 2/14 - 174/u is divided by 7?
4
What is the remainder when 2/((3 + 30/(-8))/(-3)) is divided by 0 - (-5)/(5/6)?
2
Suppose -3*s + 3 = -9. Suppose 20 + s = 4*o. Let w(a) = a**3 - 5*a**2 - 6*a + 6. What is the remainder when 16 is divided by w(o)?
4
Let g = 40 - 35. Calculate the remainder when g is divided by 3.
2
Let b(o) = o + 8. Calculate the remainder when b(9) is divided by 5.
2
Suppose 3*q - 3*b + 3 = 0, -4*q = -0*q - b + 16. Let g(o) = o**2 + 4*o + 2. Let w be g(q). Let a = 13 - w. What is the remainder when 17 is divided by a?
5
Calculate the remainder when -2 + (-7)/((-21)/276) is divided by 13.
12
Let d(r) = r**3 - 7*r**2 + 4*r + 14. Let b be d(6). Suppose -b*f = -0*f - 12. What is the remainder when f is divided by 2?
0
Let t = 103 - -90. Calculate the remainder when t is divided by 39.
37
Let p(g) = -5*g - 3. Let z be (9/(-3))/3 + 3. Suppose z*m = 3*m - 6. What is the remainder when p(-5) is divided by m?
4
Let t be (-9)/(-3) - (1 + -3). Suppose 54 = 4*v + x - 2*x, -t*v + 67 = -x. Calculate the remainder when 36 is divided by v.
10
Suppose -3*c + 10*c - 49 = 0. Calculate the remainder when c is divided by 5.
2
Suppose -87 = -5*r + 3*w, -3*r - r = -5*w - 80. Calculate the remainder when r is divided by 6.
3
Suppose 0 = g - 6*g. Calculate the remainder when 97 is divided by -10 + 32 + 3 + g.
22
Let f(t) = -t + 9. Let c = -16 + 22. Let a be f(c). Suppose -a*k - 4 = -3*s + 2, -2*k - 22 = -5*s. What is the remainder when 17 is divided by s?
5
Let x(l) = l**3 - 3*l**2 + 4*l. Let w be x(3). Suppose -3*f + 3 = -w. What is the remainder when f is divided by 4?
1
What is the remainder when 10*((-14)/(-4))/1 is divided by 10?
5
Let g = -7 + 9. Suppose g*c - 5*c + 69 = 0. Calculate the remainder when c is divided by 6.
5
Suppose -51 - 75 = -9*g. What is the remainder when 24 is divided by g?
10
What is the remainder when (42/4)/((-21)/(-28)) is divided by 8?
6
Calculate the remainder when 77 is divided by (126/(-3) - -3)*-1.
38
Let q(l) = -l**2 - 4*l - 2. Let i be q(-3). Suppose -5*z = -i - 14. What is the remainder when 8 is divided by z?
2
Suppose 14*t = 2*t + 240. Suppose 146 = 4*g - 2*n, -g + 0 = -5*n - 23. What is the remainder when g is divided by t?
18
Suppose 4*b - 27 = b. Calculate the remainder when (-2)/1 + 15 + b is divided by 12.
10
Let m(v) = v**3 + 14*v**2 - 14*v + 13. Let p be m(-15). What is the remainder when 29 is divided by (-23)/(-3) - p/6?
5
Suppose p - 130 = -4*p. Calculate the remainder when 103 is divided by p.
25
Let t(s) be the second derivative of -s**3/2 + 9*s**2/2 - 4*s. Let y be 3/12 - 29/4. Calculate the remainder when t(y) is divided by 11.
8
Let k(f) = f**2 - 6*f + 9. Let m be k(4). Calculate the remainder when -24*m*(-4)/8 is divided by 5.
2
Suppose 0 = n - 6*o + 4*o - 30, 3*o = -n + 40. Suppose i - 240 = -3*i. Suppose 0 = -3*h - 2*h + i. What is the remainder when n is divided by h?
10
Let s = -48 + 61. Calculate the remainder when 24 is divided by s.
11
Let o(u) = 7*u - 31. Calculate the remainder when o(7) is divided by 10.
8
Suppose -5*r + 7 = -13. What is the remainder when 11 is divided by r?
3
Let x = -6 + 10. Suppose p + 36 = x*p. Calculate the remainder when 45 is divided by p.
9
Suppose -2*u - 10 = 0, -4*a + u + 131 = 2*u. Suppose 0*s = 4*s - 72. What is the remainder when a is divided by s?
16
Calculate the remainder when 46 is divided by (3/9)/((-1)/(-36)).
10
Let t be (-24)/(-18)*3/2. Let p be 1/2*t + 1. Suppose -3*i = p*i - 195. What is the remainder when i is divided by 20?
19
Let v be (-1 + 2 - 63)/(-1). Suppose -v = -4*o + 34. Calculate the remainder when o is divided by 13.
11
Let i = 72 + -42. Calculate the remainder when 119 is divided by i.
29
Suppose 2*u - u = 6. Suppose 4*j + v = 295, u*j = j - 4*v + 355. Suppose -k = 5, 0*d - j = -5*d + k. What is the remainder when 54 is divided by d?
12
Let s = 3 + -3. Suppose s = -p + 2*p - 69. Let u = 51 + -33. Calculate the remainder when p is divided by u.
15
Let r(l) = 5*l**2 - 4*l - 1. Calculate the remainder when 53 is divided by r(2).
9
Let r be (-5)/(-3)*3 + 1. Suppose 0 = 2*n - r, -3*y + 17 = 3*n - 7. Calculate the remainder when 2/y*(3 - -17) is divided by 5.
3
Let s = 54 + 12. Suppose 2*x + x = s. Suppose 2*a - d = 11, 4*d + x = 5*a + 2. Calculate the remainder when 14 is divided by a.
6
Let b = -2 + 7. Calculate the remainder when 8 is divided by b.
3
Suppose 4*l = 2*z - 6, -z - 4*l + 8 + 13 = 0. What is the remainder when 35 is divided by z?
8
Let u(p) = p**3 + 6*p**2 - 3*p + 2. Calculate the remainder when 76 is divided by u(-6).
16
Let q = -37 - -26. Let c be (-2)/q - 774/22. What is the remainder when ((-12)/15)/(2/c) is divided by 8?
6
Let z = 16 - 10. What is the remainder when z is divided by 3?
0
What is the remainder when 109 is divided by 56*(11/33)/(2/3)?
25
Let h(w) = -w**2 - 8*w + 5. Let j be (1/2)/(2/(-24)). Suppose m - 22 = -5*z, -3*m + 26 + 60 = 5*z. Calculate the remainder when m is divided by h(j).
15
Suppose 46 = 2*k - 2*s, 4*k - 2*s - 88 = -0*s. Let q(h) = 3*h - 7. Let c be 27/(-6)*(-4)/3. Calculate the remainder when k is divided by q(c).
10
Suppose 0*g + 4*t = -g + 37, -2*g + 64 = -2*t. Suppose -2*v + g = -21. What is the remainder when v is divided by 14?
13
Suppose -4*c - p = -175, 3*c + 2*p - 115 = -2*p. Suppose c = j + 2*j + 4*z, 4*j + 4*z = 60. What is the remainder when 42 is divided by j?
12
Suppose 5*v - 2*v + 2*d - 89 = 0, -v = 2*d - 23. Let m(q) = q**2 - 6*q + 10. What is the remainder when v is divided by m(7)?
16
Suppose 0 = -s - 5*c + 